9*t + 4. Let z be x(-20). Suppose 0 = w - 3*n + 86 - 241, -z = -4*w + 3*n. Let u = 250 - w. What are the prime factors of u?
107
Let i(h) = -912*h**3 - 2*h**2 + 1. Let c be i(1). Let v = -628 - c. List the prime factors of v.
3, 5, 19
Suppose -2*i + y = -0*i - 146, -3*y = -5*i + 367. Suppose 4*l = 5*l - 4*z - i, 4*l - 284 = 4*z. Suppose 73 = 4*t - l. List the prime factors of t.
2, 3
Let i(b) = -b**3 - 20*b**2 + 26*b - 62. Let c be 4636/(-209) - (-2)/11. What are the prime factors of i(c)?
2, 167
Let x = -78 - -82. Suppose -x*d - 32 = -t - 7*d, -3*d - 143 = -4*t. List the prime factors of t.
5, 7
Suppose 31*a - 1238948 = -478549. List the prime factors of a.
19, 1291
Suppose 3*u = 3*d + 15, 0 = u - d + 4*d - 5. Suppose -4*l - 362 = -u*o + 190, 3*o = 4*l + 328. What are the prime factors of o?
2, 7
Suppose -2*u - 3*r = -7290, -6*r = 2*u - 4*r - 7284. What are the prime factors of u?
2, 3, 101
Suppose 2*u + 3*b - 6*b - 131 = 0, 4*u + 3*b - 289 = 0. Suppose -117 = -5*k - 2*d, 0 = -2*k + 4*d + d + u. List the prime factors of (-5 + k)/(8/36).
2, 3, 5
Let t(m) = m + 49. Let a be t(17). What are the prime factors of a/231 + 1258/7 + -1?
179
Let u(k) = 8*k**3 - 17*k**2 - 14*k + 981. List the prime factors of u(14).
5, 3881
Let p = 318 + -321. Let z(b) = -178*b - 25. List the prime factors of z(p).
509
Suppose -131*j + 95*j = -734760. What are the prime factors of j?
2, 5, 13, 157
Let v(g) = -g**3 - 40*g**2 - 37*g + 860. List the prime factors of v(-42).
2, 2971
Let d(q) be the first derivative of -7*q**4/24 + 3*q**3/2 - q**2/2 - 14. Let m(i) be the second derivative of d(i). List the prime factors of m(-6).
3, 17
List the prime factors of 857/((-8927)/79665 + (-2)/(-15)).
47, 857
Let o be 184/46 - (1 - 1)/(-2). Suppose 77*j - 74*j + 1017 = o*k, 4*k - 2*j - 1018 = 0. What are the prime factors of k?
3, 5, 17
Suppose 4*o + 21*i - 73347 = 20*i, 5*o - 3*i = 91671. What are the prime factors of o?
2, 3, 191
Let d(g) = 3*g**2 - 435 + 219 + 17*g + 168. What are the prime factors of d(-16)?
2, 7
Let t(n) = -28*n**2 + 6*n + 65. Let b be t(-6). Let y = b + 1376. List the prime factors of y.
397
Let x(u) = -40*u + 140. Let a be x(4). Let p(o) = -454*o + 1. Let b be p(-1). List the prime factors of (-5 - -1)*(b/a + -3).
103
Suppose -2*b - 2*u + 2522 = 0, 5*u = -3*b + b + 2519. Let i = -104 + b. What are the prime factors of i?
2, 3, 193
List the prime factors of ((-81)/(-6) - 6)*212800/125.
2, 3, 7, 19
Let y be 14 - (-4 - 0 - -4). Suppose -y*q + 8*q = -1632. Suppose q = 6*i - 4*i. List the prime factors of i.
2, 17
Let m be (-1 - -3100)/(5 - 14/4). Suppose 0 = -12*s - m + 5978. List the prime factors of s.
2, 163
Let m be (-41)/(-164)*(2 + 10). Suppose -m*b + 971 = -2*d + 325, 0 = b - 4*d - 232. List the prime factors of b.
2, 53
Let t be ((-2)/(-2) - -16) + -2. Suppose -t*f + 9*f = -30. Suppose 610 = 5*z - 4*m, 334 + 113 = 4*z + f*m. List the prime factors of z.
2, 59
Suppose 15 = 2*h + 13. Let r(o) = o**2 + 1. Let x be r(h). What are the prime factors of 334/((-4 - -2 - -3)*x)?
167
Suppose 2*s = -33*s + 66850. List the prime factors of s.
2, 5, 191
Let h(m) = -m**3 + 5*m**2 + 13*m - 26. Let o(f) = -3*f**3 + 14*f**2 + 40*f - 78. Let x(l) = -17*h(l) + 6*o(l). List the prime factors of x(-10).
2, 3, 19
Let r = 0 - 0. Let o(v) = -v**3 + 5*v - 7. Let b be o(-6). Suppose -207 = -5*k + 3*n + b, k - 5*n - 64 = r. What are the prime factors of k?
79
Suppose 914 = 9*j + 257. Let d = 60 + j. List the prime factors of d.
7, 19
Let j be 1/(116/(-20) - -6). Suppose 2*a = c - 2*c + 1349, c = -j*a + 3371. List the prime factors of a.
2, 337
Suppose 35027 = 71*z - 68*z + 11036. What are the prime factors of z?
11, 727
Suppose s - 7 = 5*t, 3*s - 3*t - 7 = 14. Let v be (-42)/(9/s + (-16)/56). List the prime factors of 98/v*-3*(-2 - -21).
7, 19
Let t(c) = 7*c**3 - 34*c**2 - 12*c + 46. List the prime factors of t(19).
31, 37
List the prime factors of -4 - (-14285 + (-5 - 6/2)).
3, 11, 433
Suppose -3464 + 86 = -3*g. Suppose 22*s = 12404 + g. What are the prime factors of s?
3, 5, 41
Let m(p) be the first derivative of 2*p**3/3 - 3*p**2/2 + 9*p - 256. Let z = 21 + -14. What are the prime factors of m(z)?
2, 43
Suppose 39*s = 30*s + 54. Let n be (3 - 34)*(s + -12). Let w = 294 - n. List the prime factors of w.
2, 3
Let l be -4 + (361 + 2)/3. Let x = l - -33. Let j = -67 + x. What are the prime factors of j?
83
Let i(a) = -2*a**3 - 145*a**2 + 7*a + 158. List the prime factors of i(-74).
2, 3, 13, 103
Suppose 0 = -u + a - 14, -5*u - 5*a - 10 = -2*u. Let o(r) = -4 - 1 + 78*r - 91*r. What are the prime factors of o(u)?
5
Let r(i) = 244*i**2 - 21*i + 27. What are the prime factors of r(6)?
3, 5, 193
Suppose 5*z - 5101 = -2*q, -5*q + 896 = 3*z - 2157. Suppose 0 = -3*c + 4*y + z, -c + 9*y + 333 = 4*y. What are the prime factors of c?
7
Suppose 2*j = -2*i + 22, -3*j - 17 = 2*i - 4*i. Suppose 3*z + 7*w - 6*w = 2119, 5*w + i = 0. List the prime factors of z.
7, 101
Let d = -315 - -453. Suppose 0 = f - 3*u - d, 2*f - 284 = -0*f - 2*u. List the prime factors of (-2 - 0 - -2) + f.
3, 47
Suppose -5*p = -3*d - 99871, -5*p + 4*d + 2803 + 97065 = 0. What are the prime factors of p?
2, 11, 227
Suppose -57*l + 984841 - 54286 = -30*l. What are the prime factors of l?
5, 61, 113
Suppose 2*m - 8683 = -797*f + 796*f, -4*f - 2*m = -34786. What are the prime factors of f?
7, 11, 113
Let r(k) = k**2 + 52*k + 765. List the prime factors of r(61).
2, 7, 547
Let w = -2665 + 4714. List the prime factors of w.
3, 683
Let u(h) be the first derivative of h**3/3 - 5*h**2/2 + 8*h - 4. Let z be u(3). List the prime factors of ((-3026)/68)/(z/(-12)).
3, 89
Suppose 5*o - 36 = -11. Let v = o + -1. List the prime factors of 300/6 + -1*v.
2, 23
Suppose -170 = -v + 5*a, 5*v - 4*a - 133 = 633. Suppose 0 = -5*g - 2*t + 1224, -3*t - 354 - 860 = -5*g. Let x = g - v. What are the prime factors of x?
2, 47
Let m = 10378 + -4106. What are the prime factors of m?
2, 7
Suppose -2*j + r = -154083, 0 = -4*j + 50*r - 46*r + 308172. List the prime factors of j.
2, 3, 5, 107
Let f(b) = 1761*b**2 - 30*b - 1. Let w be f(-1). Suppose -298 = j - w. What are the prime factors of j?
2, 373
Suppose 4*k - 115 = -131. Let r = 4 - -14. Let w = k + r. List the prime factors of w.
2, 7
Let n(y) = -7621*y + 3496. List the prime factors of n(-7).
56843
Suppose 12 = 2*c + 2*c - 4*n, 4*c + 2*n = 6. Suppose l + c*p = 143, 5*l + p - 79 = 600. Let m = 334 - l. List the prime factors of m.
199
Let s(u) = -13054*u + 124. What are the prime factors of s(-3)?
2, 13, 1511
Let v = 10093 + -3746. What are the prime factors of v?
11, 577
Let y = -44194 + 92653. What are the prime factors of y?
3, 29, 557
Let f(d) = 22*d - 128. Let t be f(6). Suppose -3*y = s - 1103 + 323, 3075 = t*s - 3*y. What are the prime factors of s?
3, 257
Let j = 708 - 706. Suppose -311 = j*l - 619. List the prime factors of l.
2, 7, 11
Let v = -1100 + 648. Let n = -83 - v. What are the prime factors of n?
3, 41
Let r(q) = 8*q - 98. Let s be r(31). Suppose -2*u - s = 3*l - 1067, 4*l - 20 = 0. List the prime factors of u.
11, 41
Let z(t) = -t**3 + t**2 + 4*t - 14. Let p be z(4). Let s = -44 - p. Suppose -y - 4*f = -s*y + 158, -3*f = -2*y + 336. What are the prime factors of y?
2, 3, 29
Let b be 0/(2/(-2) + 2). Suppose 4*k - 685 = -3*z, 0*k + k + 4*z - 155 = b. What are the prime factors of k?
5, 7
Let i(p) = 3082*p - 664. List the prime factors of i(9).
2, 13537
Suppose l - 6*l = 1000. Suppose 80*h + 1420 = 85*h. Let q = l + h. What are the prime factors of q?
2, 3, 7
Let j be 318 - (-10)/4*(-6)/5. Suppose -4*v - 2*o + 456 = 3*o, -3*v + j = -3*o. List the prime factors of v - (1*-2 + (-6)/6).
2, 7
Let z(b) = -87*b + 88. Let o be z(20). Let n = -825 - o. Suppose -6*q + 67 = -n. What are the prime factors of q?
149
Let n(j) = 12*j**3 - 3*j**2 - 4*j + 3. Let z be n(4). Suppose 0 = l + 3*k - 140, 5*l + 37 - z = -5*k. What are the prime factors of l?
131
Let r(d) = 2*d**2 - d + 7. Let f be r(-6). Let m = -714 + 654. Let z = m + f. What are the prime factors of z?
5
Let w = 1293 - 800. Suppose g + 568 = -2*i, 2*g = -0*g - 4. Let l = i + w. What are the prime factors of l?
2, 3, 5, 7
Let r be (-11 - 0)/(9/9). Let m(d) = d**2 + 10*d - 27. Let g be m(r). What are the prime factors of (-101)/(-4)*